 is divided by 16?
7
What is the remainder when 217 is divided by 38?
27
What is the remainder when 597 is divided by 200?
197
Calculate the remainder when 90 is divided by 26.
12
Calculate the remainder when 101 is divided by 42.
17
What is the remainder when 212 is divided by 207?
5
What is the remainder when 87 is divided by 18?
15
What is the remainder when 2575 is divided by 129?
124
What is the remainder when 750 is divided by 14?
8
Calculate the remainder when 634 is divided by 27.
13
Calculate the remainder when 1317 is divided by 45.
12
Calculate the remainder when 830 is divided by 52.
50
What is the remainder when 38 is divided by 21?
17
Calculate the remainder when 900 is divided by 82.
80
What is the remainder when 329 is divided by 21?
14
Calculate the remainder when 36 is divided by 14.
8
What is the remainder when 890 is divided by 125?
15
Calculate the remainder when 329 is divided by 9.
5
What is the remainder when 321 is divided by 109?
103
Calculate the remainder when 194 is divided by 72.
50
What is the remainder when 17577 is divided by 94?
93
Calculate the remainder when 373 is divided by 102.
67
What is the remainder when 1796 is divided by 26?
2
What is the remainder when 640 is divided by 212?
4
What is the remainder when 1635 is divided by 1622?
13
What is the remainder when 579 is divided by 479?
100
Calculate the remainder when 165 is divided by 12.
9
What is the remainder when 1319 is divided by 22?
21
What is the remainder when 984 is divided by 6?
0
Calculate the remainder when 244 is divided by 199.
45
Calculate the remainder when 268 is divided by 61.
24
Calculate the remainder when 1264 is divided by 571.
122
Calculate the remainder when 557 is divided by 74.
39
What is the remainder when 196 is divided by 4?
0
What is the remainder when 1615 is divided by 487?
154
Calculate the remainder when 213 is divided by 72.
69
What is the remainder when 141 is divided by 72?
69
What is the remainder when 2549 is divided by 232?
229
What is the remainder when 12807 is divided by 14?
11
Calculate the remainder when 906 is divided by 70.
66
What is the remainder when 2882 is divided by 289?
281
What is the remainder when 274 is divided by 19?
8
What is the remainder when 63 is divided by 23?
17
What is the remainder when 424 is divided by 408?
16
What is the remainder when 561 is divided by 12?
9
Calculate the remainder when 5181 is divided by 91.
85
Calculate the remainder when 60 is divided by 18.
6
Calculate the remainder when 77 is divided by 72.
5
Calculate the remainder when 189 is divided by 7.
0
What is the remainder when 549 is divided by 269?
11
Calculate the remainder when 186 is divided by 50.
36
Calculate the remainder when 18 is divided by 6.
0
Calculate the remainder when 94 is divided by 7.
3
What is the remainder when 231 is divided by 216?
15
What is the remainder when 3309 is divided by 8?
5
Calculate the remainder when 277 is divided by 70.
67
Calculate the remainder when 434 is divided by 29.
28
Calculate the remainder when 1759 is divided by 160.
159
What is the remainder when 154 is divided by 12?
10
What is the remainder when 4306 is divided by 31?
28
What is the remainder when 27158 is divided by 140?
138
Calculate the remainder when 759 is divided by 12.
3
What is the remainder when 29 is divided by 8?
5
What is the remainder when 871 is divided by 427?
17
Calculate the remainder when 274 is divided by 76.
46
Calculate the remainder when 681 is divided by 172.
165
Calculate the remainder when 60 is divided by 7.
4
What is the remainder when 5951 is divided by 124?
123
What is the remainder when 8546 is divided by 50?
46
Calculate the remainder when 267 is divided by 10.
7
Calculate the remainder when 478 is divided by 44.
38
Calculate the remainder when 71 is divided by 47.
24
What is the remainder when 408 is divided by 31?
5
Calculate the remainder when 173 is divided by 50.
23
What is the remainder when 66 is divided by 13?
1
What is the remainder when 225 is divided by 22?
5
What is the remainder when 257 is divided by 246?
11
What is the remainder when 1792 is divided by 26?
24
What is the remainder when 336 is divided by 55?
6
What is the remainder when 228 is divided by 34?
24
What is the remainder when 36996 is divided by 163?
158
Calculate the remainder when 8103 is divided by 21.
18
What is the remainder when 289 is divided by 100?
89
What is the remainder when 2667 is divided by 5?
2
Calculate the remainder when 356 is divided by 333.
23
Calculate the remainder when 113 is divided by 26.
9
Calculate the remainder when 26 is divided by 23.
3
What is the remainder when 647 is divided by 33?
20
Calculate the remainder when 148 is divided by 24.
4
What is the remainder when 28 is divided by 18?
10
Calculate the remainder when 104 is divided by 23.
12
Calculate the remainder when 53 is divided by 10.
3
What is the remainder when 65 is divided by 24?
17
What is the remainder when 23 is divided by 4?
3
Calculate the remainder when 447 is divided by 41.
37
What is the remainder when 123 is divided by 87?
36
What is the remainder when 577 is divided by 3?
1
What is the remainder when 36 is divided by 29?
7
What is the remainder when 947 is divided by 95?
92
What is the remainder when 2484 is divided by 22?
20
What is the remainder when 2122 is divided by 59?
57
What is the remainder when 164 is divided by 56?
52
Calculate the remainder when 292 is divided by 59.
56
Calculate the remainder when 874 is divided by 73.
71
Calculate the remainder when 1679 is divided by 211.
202
Calculate the remainder when 514 is divided by 52.
46
Calculate the remainder when 35879 is divided by 60.
59
What is the remainder when 91 is divided by 23?
22
Calculate the remainder when 3848 is divided by 175.
173
What is the remainder when 50 is divided by 17?
16
Calculate the remainder when 237 is divided by 65.
42
Calculate the remainder when 488 is divided by 55.
48
What is the remainder when 3450 is divided by 193?
169
What is the remainder when 403 is divided by 84?
67
Calculate the remainder when 189 is divided by 22.
13
What is the remainder when 272 is divided by 69?
65
Calculate the remainder when 1485 is divided by 44.
33
What is the remainder when 1439 is divided by 111?
107
Calculate the remainder when 2604 is divided by 40.
4
Calculate the remainder when 154 is divided by 55.
44
Calculate the remainder when 233 is divided by 59.
56
What is the remainder when 4876 is divided by 80?
76
What is the remainder when 31 is divided by 23?
8
Calculate the remainder when 4559 is divided by 14.
9
What is the remainder when 10509 is divided by 73?
70
What is the remainder when 747 is divided by 15?
12
Calculate the remainder when 130 is divided by 34.
28
Calculate the remainder when 117 is divided by 7.
5
What is the remainder when 91 is divided by 26?
13
Calculate the remainder when 45 is divided by 28.
17
Calculate the remainder when 231 is divided by 75.
6
Calculate the remainder when 602 is divided by 123.
110
What is the remainder when 304 is divided by 20?
4
Calculate the remainder when 9322 is divided by 36.
34
Calculate the remainder when 758 is divided by 19.
17
Calculate the remainder when 2577 is divided by 30.
27
Calculate the remainder when 389 is divided by 40.
29
Calculate the remainder when 254 is divided by 72.
38
What is the remainder when 2573 is divided by 198?
197
What is the remainder when 179 is divided by 5?
4
What is the remainder when 146 is divided by 43?
17
Calculate the remainder when 693 is divided by 32.
21
What is the remainder when 714 is divided by 12?
6
What is the remainder when 34 is divided by 9?
7
What is the remainder when 128 is divided by 44?
40
What is the remainder when 237 is divided by 105?
27
What is the remainder when 976 is divided by 121?
8
What is the remainder when 575 is divided by 12?
11
What is the remainder when 128 is divided by 77?
51
What is the remainder when 127 is divided by 22?
17
Calculate the remainder when 731 is divided by 185.
176
Calculate the remainder when 340 is divided by 25.
15
Calculate the remainder when 1023 is divided by 4.
3
Calculate the remainder when 301 is divided by 18.
13
Calculate the remainder when 370 is divided by 141.
88
Cal